5
Let j(p) = -p**2 + 5*p + 6. Determine j(3).
12
Let r(z) = z - 9. Give r(4).
-5
Let b(c) = -2*c**2 - 76*c - 68. What is b(-37)?
6
Let u(b) = -7*b**3 + b**2 + 2*b + 2. Calculate u(-1).
8
Let x(i) = -i**3 - 3*i**2 + 9*i. Calculate x(-5).
5
Let m(z) = -z**3 + 5*z**2 + 11*z + 13. What is m(7)?
-8
Let j(m) = -23*m + 5. Calculate j(0).
5
Let d(p) = -2*p**3 + 11*p**2 + 22*p + 2. Calculate d(7).
9
Let h(t) = -t - 3. Determine h(-8).
5
Let x(h) = 22*h + 3. What is x(3)?
69
Let d(g) = -2*g**2 + 3*g - 13. Give d(9).
-148
Let v(f) = 3*f - 9. Give v(5).
6
Let u(t) = t**2 + 28*t - 182. Calculate u(-34).
22
Let u(q) = -q**3 - 7*q**2 - q - 2. Give u(-7).
5
Let z(m) = m**3 - 9*m**2 + 8*m - 9. Determine z(8).
-9
Let q(w) = 8*w - 14. Calculate q(5).
26
Let c(f) = 3*f + 9. Determine c(-3).
0
Let v(u) = -u**3 + 5*u**2 - u + 4. What is v(5)?
-1
Let b(c) = c**3 - 19*c**2 + 49*c - 28. Calculate b(16).
-12
Let w(h) = -h**3 - 7*h**2 - 8*h + 4. Give w(-6).
16
Let j(l) = l**3 - 37*l**2 - 40*l + 58. What is j(38)?
-18
Let p(t) = -t**3 - 22*t**2 - 42*t - 35. What is p(-20)?
5
Let p(g) = -g**2 + 11*g - 12. Calculate p(9).
6
Let m(v) = 27*v - 115. What is m(4)?
-7
Let v(d) = d - 10. What is v(-3)?
-13
Let t(c) = 5*c**2 - 7*c + 4. What is t(2)?
10
Let b(k) = k**3 + 5*k**2 - 8*k - 6. Determine b(-6).
6
Let c(k) = -3*k - 4. What is c(6)?
-22
Let a(c) = -c + 9. Calculate a(10).
-1
Let l(r) = -13*r**2 + 3*r - 1. What is l(1)?
-11
Let h(z) = -2*z**2 + 13*z - 10. What is h(7)?
-17
Let b(q) = q**2 - 12*q - 79. Calculate b(22).
141
Let u(p) = -p**3 + 8*p**2 - 2*p - 10. Give u(7).
25
Let d(u) = -10*u - 32. Calculate d(-9).
58
Let u(d) = d**2 - 7*d - 3. Determine u(12).
57
Let b(t) = -19*t - 10. Give b(3).
-67
Let l(w) = 2*w**2 + 8. Give l(0).
8
Let l(b) = b**3 + 8*b**2 + 9*b. Give l(-7).
-14
Let m(x) = -5*x + 11. What is m(6)?
-19
Let n(g) = -2*g + 15. Calculate n(5).
5
Let p(d) = -2*d**2 + 3*d - 7. Calculate p(-5).
-72
Let c(t) = t**3 - 12*t**2 + 11*t - 9. What is c(11)?
-9
Let r(a) = 2*a**3 - 6*a**2 + 8*a - 21. Determine r(5).
119
Let b(h) = -44*h - 21. Determine b(-3).
111
Let h(p) = -p**3 + 7*p**2 + 6*p + 11. Determine h(8).
-5
Let d(i) = -i**3 - 9*i**2 - i + 13. What is d(-9)?
22
Let i(g) = g - 6. Calculate i(3).
-3
Let y(z) = -3*z + 46. Give y(-6).
64
Let b(c) = c**2 + 16*c + 43. Determine b(-13).
4
Let s(d) = d**3 - 21*d**2 + 25. Calculate s(21).
25
Let k(p) = 5*p + 26. Give k(-6).
-4
Let p(r) = r + 9. Determine p(-12).
-3
Let p(n) = -n**2 - 19*n - 74. What is p(-17)?
-40
Let j(m) = 4*m - 28. Calculate j(6).
-4
Let b(d) = 2*d**3 + 3*d**2 - 2*d - 2. What is b(-2)?
-2
Let r(w) = w**3 + 8*w**2 + 8*w - 7. Give r(-7).
-14
Let p(t) = t**2 - 15*t + 15. Calculate p(13).
-11
Let o(r) = r**2 - 10*r + 20. Determine o(9).
11
Let n(p) = 5*p + 13. Give n(-10).
-37
Let v(b) = b**3 + b**2 + 19. What is v(0)?
19
Let w(t) = t - 2. What is w(3)?
1
Let n(m) = m**3 - 5*m**2 - m - 85. Calculate n(7).
6
Let d(l) = -3*l + 56. Determine d(21).
-7
Let a(s) = -s**2 + 9*s - 30. Calculate a(4).
-10
Let v(z) = z**2 - 4*z - 77. Give v(-7).
0
Let n(p) = -6*p**3 + p**2 - 2*p - 4. Determine n(-2).
52
Let y(q) = 14*q - 116. Give y(9).
10
Let w(y) = y**2 - 2*y - 4. Give w(5).
11
Let n(a) = 12*a - 4. Determine n(-3).
-40
Let r(s) = s**3 - 7*s**2 + 2*s - 6. Calculate r(4).
-46
Let o(a) = 2*a - 10. What is o(2)?
-6
Let g(l) = 2*l**2 - l. What is g(2)?
6
Let n(w) = w**3 - 13*w**2 - 27*w - 23. Determine n(15).
22
Let y(z) = z - 29. Give y(-9).
-38
Let f(q) = -18*q**3 + 1. Calculate f(1).
-17
Let h(g) = g**2 + 5*g - 2. Give h(-5).
-2
Let s(v) = v**2 - 16*v + 31. Give s(14).
3
Let h(i) = -3*i - 19. What is h(3)?
-28
Let g(n) = n**2 + 11*n + 15. What is g(-7)?
-13
Let z(b) = 28*b**2 + 6*b - 7. Calculate z(1).
27
Let k(a) = -8*a - 90. Calculate k(-4).
-58
Let m(h) = h**2 + 4*h + 7. What is m(-5)?
12
Let h(x) = -3*x. What is h(-3)?
9
Let z(y) = -y**2 + 9*y - 8. Calculate z(9).
-8
Let u(k) = -k**3 + 6*k**2 + 10*k - 7. Give u(7).
14
Let o(u) = -u**3 - 9*u**2 - 10*u - 1. Give o(-7).
-29
Let h(m) = -24*m**2 - 1. Give h(-1).
-25
Let o(r) = -2*r**3 - 9*r**2 + 5*r - 12. Determine o(-6).
66
Let g(c) = -c**3 - 6*c**2 - 6. Give g(-6).
-6
Let d(f) = -25*f**2 + 26*f + 25. What is d(-1)?
-26
Let z(h) = h**3 - 10*h**2 + 11*h + 8. Determine z(9).
26
Let s(l) = -10*l**2 - 8*l - 4. Determine s(-2).
-28
Let y(d) = d**2 - 42*d + 75. Give y(40).
-5
Let l(r) = 3*r**2 - 7*r + 13. Calculate l(6).
79
Let k(m) = -3*m + 10. Calculate k(3).
1
Let z(s) = -s**3 - 18*s**2 - 6*s - 109. Give z(-18).
-1
Let z(o) = 3*o**2 + 11*o + 6. Give z(-4).
10
Let p(w) = -3*w**2 + 2*w - 4. What is p(4)?
-44
Let h(c) = 49*c + 3. Give h(-1).
-46
Let r(f) = f**3 + 7*f**2 - 15*f + 21. Calculate r(-9).
-6
Let u(t) = -38*t**3 - 3*t + 3. Give u(1).
-38
Let v(o) = o + 10. Calculate v(11).
21
Let l(a) = 2*a**3 - 2*a**2 - 11*a + 5. Give l(4).
57
Let j(q) = -5*q - 7. Calculate j(-1).
-2
Let n(z) = -z**2 - 5*z + 12. Calculate n(-12).
-72
Let t(x) = -3*x - 37. Determine t(-17).
14
Let c(i) = -13*i - 332. What is c(-25)?
-7
Let n(v) = v**2 - 6*v + 11. Determine n(5).
6
Let y(i) = -i**3 - 5*i**2 - 4*i - 2. Determine y(-3).
-8
Let u(k) = k**2 - 3*k - 5. What is u(4)?
-1
Let v(x) = -5*x + 39. Determine v(9).
-6
Let r(p) = -10*p + 28. What is r(5)?
-22
Let m(c) = c**2 - 5*c + 3. Give m(5).
3
Let j(z) = 4*z**2 + 3*z - 1. Calculate j(-4).
51
Let h(q) = q**2 - 23*q + 110. Determine h(17).
8
Let z(u) = u**2 + 3*u - 8. Give z(3).
10
Let f(u) = u**3 - 2*u - 76. Determine f(0).
-76
Let l(t) = t**3 + 7*t**2 - 10*t + 7. What is l(-8)?
23
Let m(n) = n**2 - 40*n - 561. Calculate m(51).
0
Let u(n) = -n - 20. Calculate u(-24).
4
Let u(l) = -l**2 - 3*l - 12. What is u(-5)?
-22
Let f(u) = -u**2. Determine f(-1).
-1
Let r(j) = 7*j + 19. Calculate r(-4).
-9
Let w(b) = -b**3 - 5*b**2 + 2*b + 6. Calculate w(-5).
-4
Let l(y) = 20*y**3 + y**2. Calculate l(-1).
-19
Let t(s) = s**2 - 8*s - 52. Determine t(12).
-4
Let y(r) = r**3 - 8*r**2 + 3*r - 6. What is y(8)?
18
Let n(u) = -16*u + 83. What is n(4)?
19
Let p(z) = -2*z**3 - 14*z**2 + 16*z + 7. Determine p(-8).
7
Let w(o) = -7*o**2 + 2*o + 6. Give w(-2).
-26
Let z(s) = -s**2 - 3*s + 14. Determine z(6).
-40
Let d(g) = g + 1. What is d(5)?
6
Let z(l) = l**3 - 4*l**2 - 6*l - 3. Determine z(5).
-8
Let y(j) = -j**3 + 12*j**2 - 4*j + 29. What is y(12)?
-19
Let d(v) = v**3 + 3*v**2 + 1. What is d(-5)?
-49
Let x(v) = v**3 + 6*v**2 + 2*v + 6. Calculate x(-6).
-6
Let r(x) = 6*x**3 - 3*x**2 - 5*x - 5. Give r(-2).
-55
Let i(l) = -160*l + 1278. Determine i(8).
-2
Let p(f) = -7*f - 61. Give p(-18).
65
Let g(v) = 49*v. Calculate g(1).
49
Let j(m) = m + 16. Determine j(-18).
-2
Let a(k) = k**3 + 4*k**2 - 3*k + 59. What is a(-6)?
5
Let m(s) = s**3 + 11*s**2 + 9*s - 3. What is m(-10)?
7
Let a(f) = -17*f**2 - 2*f + 1. Determine a(1).
-18
Let l(g) = g + 13. Calculate l(0).
13
Let j(w) = -w**3 - 29*w**2 + 30*w + 3. Determine j(-30).
3
Let w(g) = 6*g**2 - g + 3. Determine w(0).
3
Let o(v) = -3*v + 12. Determine o(6).
-6
Let g(x) = 26*x + 230. Determine g(-9).
-4
Let u(v) = 4*v**3 - 51*v**2 - 15*v + 20. What is u(13)?
-6
Let t(o) = 13*o - 2. Determine t(-1).
-15
Let n(b) = 2*b - 17. What is n(-5)?
-27
Let w(p) = p**2 + 9*p - 8. Give w(-4).
-28
Let z(b) = -2*b**3 - 35*b**2 - 19*b - 16. Calculate z(-17).
18
Let a(j) = -13*j**2 + 5*j + 16. Determine a(-4).
-212
Let n(j) = 8*j + 30. Give n(-12).
-66
Let h(s) = s**2 - 10*s - 6. What is h(11)?
5
Let a(j) = 2*j. What is a(0)?
0
Let p(a) = -a + 7. Give p(8).
-1
Let p(h) = -5*h + 10. What is p(-7)?
45
Let d(t) = -33*t**3 + t**2 + t. Calculate d(-1).
33
Let u(m) = m**3 + 10*m**2 - 2*m + 1. Give u(-10).
21
Let d(z) = -7*z**2 + 2*z - 4. Calculate d(2).
-28
Let g(c) = c**3 - 2*c**2 - 4*c + 1. Determine g(5).
56
Let x(l) = -l**3 + 3*l**2 + 4*l - 1. Calculate x(3).
11
Let f(i) = -i**3 + 8*i**2 + 9*i - 10. Determine f(9).
-10
Let m(a) = a**3 + 7*a**2 + 5*a - 4. Give m(-6).
2
Let q(n) = -2*n - 20. Calculate q(-8).
-4
Let m(t) = -35*t - 975. What is m(-28)?
5
Let v(p) = -p**3 - 3*p**2 - 3*p - 1. Give v(-4).
27
Let d(k) = 7*k - 128. What is d(19)?
5
Let j(v) = -3*v**2 + 51*v + 4. Calculate j(18).
-50
Let c(n) = n - 11. What is c(-8)?
-19
Let g(b) = 2*b**2 - 21*b + 44. What is g(3)?
-1
Let b(g) = g**2 + 8*g - 22. Determine b(-11).
11
Let t(f) =